{"id":53,"date":"2017-11-12T13:54:47","date_gmt":"2017-11-12T12:54:47","guid":{"rendered":"https:\/\/buaphai-thaimassage.de\/?page_id=53"},"modified":"2017-11-12T13:54:47","modified_gmt":"2017-11-12T12:54:47","slug":"thaimassage","status":"publish","type":"page","link":"https:\/\/buaphai-thaimassage.de\/index.php\/thaimassage\/","title":{"rendered":"Thaimassage"},"content":{"rendered":"<h2>Vorteile einer Thaimassage<\/h2>\n<ul>\n<li>Stressabbau<\/li>\n<li>Entspannung des gesamten K\u00f6rpers<\/li>\n<li>Lockerung und Dehnung der Muskulatur<\/li>\n<li>Schmerzlinderung bei Verh\u00e4rtungen<\/li>\n<li>Ansprache der Reflexzonen<\/li>\n<li>Aktivierung und Stimulation der Energielinien des K\u00f6rpers<\/li>\n<li>Stimulation der Blutzirkulation<\/li>\n<li>Reduzierung der Fl\u00fcssigkeitsansammlung im gesamten K\u00f6rper<\/li>\n<\/ul>\n<p>Nach der Massage reiche ich Ihnen auf Wunsch gerne ein Getr\u00e4nk. So k\u00f6nnen Sie sich ohne Eile auf die R\u00fcckkehr in den Alltag vorbereiten.<\/p>\n","protected":false},"excerpt":{"rendered":"<p>Vorteile einer Thaimassage Stressabbau Entspannung des gesamten K\u00f6rpers Lockerung und Dehnung der Muskulatur Schmerzlinderung bei Verh\u00e4rtungen Ansprache der Reflexzonen Aktivierung und Stimulation der Energielinien des K\u00f6rpers Stimulation der Blutzirkulation Reduzierung der Fl\u00fcssigkeitsansammlung im gesamten K\u00f6rper Nach der Massage reiche ich Ihnen auf Wunsch gerne ein Getr\u00e4nk. So k\u00f6nnen Sie sich ohne Eile auf die R\u00fcckkehr &hellip; <\/p>\n<p class=\"link-more\"><a href=\"https:\/\/buaphai-thaimassage.de\/index.php\/thaimassage\/\" class=\"more-link\"><span class=\"screen-reader-text\">\u201eThaimassage\u201c <\/span>weiterlesen<\/a><\/p>\n","protected":false},"author":8,"featured_media":94,"parent":0,"menu_order":0,"comment_status":"closed","ping_status":"closed","template":"","meta":{"_acf_changed":false,"footnotes":""},"class_list":["post-53","page","type-page","status-publish","has-post-thumbnail","hentry"],"acf":[],"_links":{"self":[{"href":"https:\/\/buaphai-thaimassage.de\/index.php\/wp-json\/wp\/v2\/pages\/53","targetHints":{"allow":["GET"]}}],"collection":[{"href":"https:\/\/buaphai-thaimassage.de\/index.php\/wp-json\/wp\/v2\/pages"}],"about":[{"href":"https:\/\/buaphai-thaimassage.de\/index.php\/wp-json\/wp\/v2\/types\/page"}],"author":[{"embeddable":true,"href":"https:\/\/buaphai-thaimassage.de\/index.php\/wp-json\/wp\/v2\/users\/8"}],"replies":[{"embeddable":true,"href":"https:\/\/buaphai-thaimassage.de\/index.php\/wp-json\/wp\/v2\/comments?post=53"}],"version-history":[{"count":0,"href":"https:\/\/buaphai-thaimassage.de\/index.php\/wp-json\/wp\/v2\/pages\/53\/revisions"}],"wp:featuredmedia":[{"embeddable":true,"href":"https:\/\/buaphai-thaimassage.de\/index.php\/wp-json\/wp\/v2\/media\/94"}],"wp:attachment":[{"href":"https:\/\/buaphai-thaimassage.de\/index.php\/wp-json\/wp\/v2\/media?parent=53"}],"curies":[{"name":"wp","href":"https:\/\/api.w.org\/{rel}","templated":true}]}}